d 730.
146
What is the highest common divisor of 78125 and 125?
125
Calculate the highest common divisor of 174 and 337212.
174
What is the greatest common factor of 7028 and 14?
14
What is the greatest common divisor of 203 and 5017?
29
What is the greatest common factor of 3534 and 186?
186
Calculate the greatest common factor of 323 and 1672.
19
What is the greatest common factor of 378 and 117?
9
Calculate the highest common divisor of 11849 and 204.
17
What is the highest common divisor of 1220340 and 15?
15
What is the highest common factor of 82 and 369287?
41
Calculate the highest common divisor of 2622 and 4294.
38
Calculate the greatest common divisor of 69184 and 85376.
1472
What is the highest common divisor of 23498 and 62?
62
What is the greatest common factor of 2622 and 706560?
138
Calculate the greatest common factor of 203 and 4901.
29
What is the highest common factor of 325 and 61945?
65
What is the greatest common factor of 160 and 383860?
20
What is the greatest common divisor of 18 and 169758?
18
Calculate the highest common divisor of 49303 and 94.
47
Calculate the highest common factor of 116840 and 230.
230
What is the highest common divisor of 35920 and 560?
80
Calculate the greatest common factor of 10555145 and 5.
5
Calculate the greatest common divisor of 49259 and 6510.
217
Calculate the greatest common divisor of 221103 and 9.
9
Calculate the greatest common factor of 106 and 1668917.
53
What is the greatest common factor of 15568 and 266324?
556
Calculate the highest common factor of 1554 and 742.
14
What is the highest common factor of 24338 and 45846?
566
What is the greatest common divisor of 264116 and 4?
4
What is the greatest common divisor of 5096 and 21112?
728
What is the highest common divisor of 163043 and 1222?
47
Calculate the highest common divisor of 69906 and 2928.
366
What is the highest common divisor of 6 and 102093?
3
What is the greatest common factor of 172188 and 12?
12
What is the highest common divisor of 1376 and 632?
8
What is the greatest common divisor of 2580 and 1046190?
1290
Calculate the highest common divisor of 78701 and 21.
7
Calculate the highest common factor of 61479 and 12144.
759
What is the highest common factor of 7278 and 12?
6
Calculate the greatest common divisor of 608489 and 7.
7
Calculate the highest common factor of 34 and 6749.
17
Calculate the greatest common divisor of 9154 and 3582.
398
Calculate the highest common factor of 304 and 257849.
19
Calculate the highest common divisor of 39 and 1077.
3
What is the highest common divisor of 33 and 216579?
33
What is the highest common divisor of 160336 and 33?
11
What is the greatest common factor of 94128 and 4736?
592
Calculate the highest common factor of 26 and 749489.
13
What is the greatest common divisor of 933 and 693219?
933
What is the greatest common divisor of 915 and 13440?
15
What is the greatest common divisor of 4380 and 2130?
30
Calculate the highest common divisor of 224 and 115488.
32
Calculate the greatest common factor of 315700 and 11.
11
What is the highest common divisor of 62912 and 184?
8
Calculate the greatest common factor of 8 and 1503142.
2
Calculate the greatest common factor of 470017 and 70426.
1531
Calculate the highest common divisor of 203228 and 1316.
188
What is the greatest common factor of 27434 and 81345?
319
What is the greatest common divisor of 100037 and 1085?
217
What is the highest common factor of 1578 and 6323046?
1578
Calculate the highest common divisor of 32 and 67168.
32
What is the greatest common divisor of 2383 and 2?
1
What is the greatest common divisor of 1731240 and 23940?
1260
What is the greatest common factor of 11124 and 8370?
54
What is the highest common divisor of 4897 and 5063?
83
Calculate the highest common factor of 23409555 and 195.
195
Calculate the highest common factor of 432 and 509868.
108
What is the greatest common factor of 7250 and 15718?
58
Calculate the highest common divisor of 670 and 9045.
335
What is the greatest common divisor of 200 and 36816?
8
What is the greatest common divisor of 11 and 665027?
11
Calculate the highest common factor of 1206 and 34304.
134
What is the highest common divisor of 1862853 and 2685?
537
What is the greatest common divisor of 18 and 1480494?
6
What is the highest common divisor of 72 and 1159146?
18
What is the highest common divisor of 12 and 224820?
12
Calculate the greatest common factor of 104 and 330018.
26
What is the greatest common divisor of 2109 and 58767?
57
What is the greatest common divisor of 15264 and 107802?
954
Calculate the greatest common factor of 271051 and 1353.
451
What is the highest common divisor of 494 and 2912?
26
Calculate the greatest common divisor of 798 and 368886.
42
Calculate the highest common factor of 765 and 62305.
85
Calculate the highest common factor of 262 and 84233.
131
Calculate the greatest common divisor of 53970 and 9870.
210
Calculate the highest common factor of 208 and 9208.
8
Calculate the greatest common factor of 32166 and 90.
18
Calculate the greatest common factor of 56 and 113624.
56
What is the greatest common factor of 12584 and 275?
11
Calculate the highest common factor of 13090 and 4697.
77
What is the highest common divisor of 47393 and 4568?
571
What is the greatest common divisor of 900 and 2750?
50
What is the highest common factor of 50895 and 26?
13
Calculate the highest common factor of 284823 and 847.
77
What is the greatest common divisor of 3553212 and 312?
156
What is the highest common factor of 12870 and 632610?
990
What is the greatest common factor of 489285 and 830?
415
Calculate the highest common divisor of 2324 and 994.
14
Calculate the greatest common divisor of 541725 and 186.
93
Calculate the greatest common factor of 3 and 6243.
3
Calculate the highest common divisor of 305106 and 24582.
1446
Calculate the highest common divisor of 24150 and 2550.
150
What is the greatest common divisor of 31392 and 800?
32
What is the highest common divisor of 45 and 20799?
9
What is the highest common factor of 142 and 858674?
142
What is the greatest common factor of 1921 and 11639?
113
What is the greatest common factor of 8 and 1520068?
4
What is the highest common factor of 9501624 and 744?
744
What is the highest common factor of 40367 and 136375?
1091
What is the greatest common factor of 18528 and 384?
96
Calculate the highest common divisor of 2097 and 53847.
9
Calculate the greatest common factor of 38268 and 117.
9
Calculate the greatest common factor of 29510 and 4.
2
Calculate the highest common factor of 57562 and 238.
34
Calculate the highest common factor of 4526 and 9344.
146
What is the greatest common divisor of 6408 and 648?
72
Calculate the highest common divisor of 17 and 1133985.
17
What is the highest common factor of 90 and 21790?
10
What is the highest common divisor of 3350 and 63047?
67
What is the greatest common factor of 1147 and 1?
1
Calculate the highest common factor of 95 and 74879.
19
Calculate the highest common factor of 195 and 43017.
39
Calculate the greatest common factor of 1232929 and 57.
19
What is the highest common factor of 34463 and 1330802?
2651
What is the highest common divisor of 4088 and 302001?
511
Calculate the highest common factor of 5 and 120160.
5
Calculate the highest common factor of 36500 and 9250.
250
Calculate the highest common factor of 99 and 444345.
33
What is the greatest common divisor of 8652 and 119274?
618
What is the highest common divisor of 717606 and 486?
54
What is the highest common factor of 15 and 67539?
3
Calculate the greatest common divisor of 10816 and 6422.
338
What is the greatest common factor of 9400 and 3619?
47
Calculate the highest common divisor of 112627 and 67.
67
What is the highest common factor of 961695 and 430?
215
Calculate the highest common factor of 2209 and 10669.
47
What is the greatest common divisor of 819 and 1407?
21
What is the greatest common divisor of 29971 and 215?
43
Calculate the greatest common divisor of 38209 and 57.
19
What is the highest common divisor of 4047 and 2451?
57
Calculate the greatest common divisor of 50186 and 22.
2
Calculate the highest common factor of 259692 and 4182.
102
What is the gre